p?
31, 761
Suppose 5*r - 4*j = 223800, 5*r + 6238 - 230043 = 3*j. List the prime factors of r.
2, 19, 31
Let t(s) = 147*s**3 + 2*s**2 + 19*s - 8. What are the prime factors of t(6)?
2, 5, 31, 103
Let f(s) = -19*s + 37. Let y be f(-4). Let j(g) = -3*g - 3. Let t be j(-2). Suppose -4*l = -t*l - y. List the prime factors of l.
113
Let y(a) = -2*a**3 - 23*a - 5*a**2 + 2*a**3 - 2*a**2 - 2*a + 11 - a**3. What are the prime factors of y(-8)?
5, 11
Let x(a) = -4*a - 19. Let q be x(-6). Suppose -3*y + 16 = f + y, q*y = 3*f - 14. Let l = f + 31. List the prime factors of l.
3, 13
Suppose 0 = -3*f + 5*t - 2189, 4*f - 5*t = -3475 + 553. Let y = 1920 + f. List the prime factors of y.
1187
Let s(a) be the first derivative of 12*a**3 - 5*a**2/2 + 16*a + 114. What are the prime factors of s(3)?
5, 13
Let s = 1852 - 293. What are the prime factors of s?
1559
Let o = 3 - -23. Suppose -5*m = -4*x - 3292, -24*x + o*x = 4*m - 2630. List the prime factors of m.
2, 41
Let z(p) = 64*p**2 + p + 2. Let l be z(-1). Suppose -l*x = -50*x - 12480. What are the prime factors of x?
2, 13
Let o = 347 - -1484. List the prime factors of o.
1831
Let g = 5 + 495. Suppose k - g = -3*s + 280, 4*s - 4*k = 1056. List the prime factors of s.
3, 29
Suppose -35*i = -32*i - 627. Suppose -301 = -3*v + 5*d, -v + 2*d - 33 + 134 = 0. Suppose 2*p + f - v = -2*f, 4*p + 3*f = i. List the prime factors of p.
2, 7
Suppose 12*b + 2598 = -1362. Let n = b + 587. List the prime factors of n.
257
Let w = -866 + 285. Let l = w - -1197. List the prime factors of l.
2, 7, 11
Let i(g) = -105*g**3 - 105*g**3 - 12*g - 17 + 200*g**3 - 6*g**2. What are the prime factors of i(-4)?
5, 23
Suppose 1009*p - 1006*p + 28989 = 2*b, 0 = 4*b + 5*p - 57967. List the prime factors of b.
3, 4831
Let f be 21/12*(-7 + 23). Suppose -26*l = -f*l. Suppose -78*d + 80*d - 242 = l. List the prime factors of d.
11
Let x(f) = -377*f + 6. Let p(r) = -1130*r + 18. Let s(g) = 5*p(g) - 14*x(g). List the prime factors of s(-1).
2, 3, 7
Let t = 86 - 89. Let y = 598 + t. List the prime factors of y.
5, 7, 17
Let x be ((-24)/16)/(12/(-80)*2). Suppose -2*b = 3*r - 0*b - 1937, -3260 = -x*r + 3*b. What are the prime factors of r?
11, 59
Let c(m) = -9 + 148*m - 450*m - 7. What are the prime factors of c(-2)?
2, 3, 7
Let v(f) = 33*f + 89. Let z be v(1). Suppose 0 = 2*h - 0*y + 3*y - 27, 3*h - 38 = -4*y. Suppose -o = -z - h. What are the prime factors of o?
2
Suppose 1826*k = 1831*k - 19925. List the prime factors of k.
5, 797
Let j(h) = -h. Let t be j(-1). Let f(n) = -36*n**3 - n**2. Let d be f(t). Let v = d - -98. What are the prime factors of v?
61
Let v = 29 - 26. Suppose 7 = -v*x + 4. List the prime factors of (0/3 + 101)/(2 + x).
101
Suppose 5*k = 2*h - 9549, -4*k = 9*h - 11*h + 9548. List the prime factors of h.
2, 1193
Let z(w) = -647*w - 1546. List the prime factors of z(-29).
3, 1913
Let p(a) = 108 + 140 - a + 112 + 40. Let q be p(0). Suppose 6*s = -4*s + q. List the prime factors of s.
2, 5
Let h(t) = -t**3 - t**2 + 41*t - 1. Let w be h(-11). Let k = -424 + w. List the prime factors of k.
2, 167
Let x(a) = 6*a - 36 + 29 - 19. Let i be x(5). Suppose -i*s = 2*s - 378. What are the prime factors of s?
3, 7
Let p(f) = 29*f - 45. Let u be p(9). Let z = u + 38. Let o = z - 92. List the prime factors of o.
2, 3
Suppose -33776 = 18*u - 76*u + 666284. List the prime factors of u.
2, 5, 17, 71
Let g(x) = -202*x**3 - 20*x**2 + 5*x + 1. Let h(a) = 101*a**3 + 9*a**2 - 2*a - 1. Let l(m) = 2*g(m) + 5*h(m). What are the prime factors of l(2)?
3, 5, 11
Suppose 0*d = v + 4*d - 29650, 0 = 3*v - 2*d - 88978. List the prime factors of v.
2, 3, 4943
Suppose y + 20*y = 13*y + 4528. What are the prime factors of y?
2, 283
Suppose -4*j - 40*w + 19995 = -35*w, -15 = -5*w. What are the prime factors of j?
3, 5, 37
Suppose 5 + 1 = 4*c - 2*j, -3 = c - 5*j. Suppose 0 = -c*o + 13 + 9. Suppose -3*p + 1764 = o*p. What are the prime factors of p?
2, 3, 7
Let n = -51 - -37. Let q(w) = w**2 + 5*w + 13. Let z be q(n). Let r = -54 + z. List the prime factors of r.
5, 17
Suppose -888 = -2*o + 136. Suppose 168 = -2*c + o. List the prime factors of c.
2, 43
Let q = 12148 - -32891. List the prime factors of q.
3, 15013
List the prime factors of (-15045600)/(-156) - (-9)/((-702)/12).
2, 7, 83
Let v = -38905 - -70957. What are the prime factors of v?
2, 3, 2671
Suppose 50*l - 51*l = 339. Let r = -304 - l. What are the prime factors of r?
5, 7
Suppose -482*f = -93*f - 4070496. What are the prime factors of f?
2, 3, 109
Let y(m) be the third derivative of -1/120*m**6 - m**2 - 1/3*m**3 + 0*m - 1/24*m**4 + 2/15*m**5 + 0. List the prime factors of y(7).
2, 5
Let l(t) = 10*t**2 - 3*t - 5. Suppose -37*f + 15 = -32*f. Suppose -3*w = 3*i + 18, -20 = i + 3*i + f*w. What are the prime factors of l(i)?
41
Suppose 2*t - 3612 = 3*i + 20105, -3 = -3*i. List the prime factors of t.
2, 5, 593
Let k(r) = -r**3 - 7*r**2 + 7*r - 5. Let i be k(-8). Suppose 0 + 6 = -i*b. List the prime factors of (-41)/b - (-5)/(-10).
2, 5
Let v = 114 + -119. Let g be -4*(5420/8)/v. Suppose -m + d = 3*m - 725, d - g = -3*m. What are the prime factors of m?
181
Let u(s) = -19*s - 3. Let w be u(2). Let o = w + 41. Suppose 2*y = -4*a + 202, o*y - 2*y + a = -212. List the prime factors of y.
3, 5, 7
Suppose -32 = -14*t + 10*t. Let s be (-63)/(-28) + (-2)/t. Suppose -3*j + o = -66, s*o - 5*o = -3*j + 66. List the prime factors of j.
2, 11
List the prime factors of (-38)/114*-111*29.
29, 37
Let z(u) = 6*u**2 + 24*u + 34. Let a be z(-2). List the prime factors of 12 - 44824/(-40) - 6/a.
2, 283
Let r(p) = -57*p + 6. Let h be r(-7). Suppose -1211 - h = -4*y. Suppose -4*v + y = -2*d, v - 3*v - 2*d = -190. What are the prime factors of v?
3, 11
Let p be ((-100)/(-12))/((-20)/60). Let x be 4*(2 + (-22)/4). Let h = x - p. What are the prime factors of h?
11
Let t(h) = -6*h**2 - 70*h - 62. Let m(p) = -3*p**2 - 34*p - 31. Let g(d) = -5*m(d) + 2*t(d). What are the prime factors of g(-14)?
199
Let x(m) be the second derivative of 679*m**5/20 - m**4/3 - 2*m**3/3 + m**2 + 186*m. List the prime factors of x(1).
673
Suppose 0 = -311*r + 12880462 + 2623092 - 3848207. What are the prime factors of r?
11, 3407
Let v(l) = -2*l**2 - 10*l + 4. Let q be v(-5). Suppose q*t - 4335 = -5*u, -1 - 4 = -t. List the prime factors of u.
863
Let b be 17306/2 + (-5 - -4). Suppose 4*w + b = 10*w. Suppose -w = -22*n + 8*n. What are the prime factors of n?
103
Let z(r) be the second derivative of 4*r**3/3 - 155*r**2/2 + 35*r + 2. List the prime factors of z(22).
3, 7
Let y(b) = -61 - 4*b + 13 + 63*b**2 + 27. What are the prime factors of y(-3)?
2, 3, 31
Let m(x) = -x + 7. Let f be m(5). Suppose f*d - 6 = 0, d = -2*t + 39 + 236. List the prime factors of t.
2, 17
Let o = -57 - -54. What are the prime factors of (-382)/o*(-30)/(-20)?
191
Let k(g) = -31*g**3 - 45*g**2 - 264*g - 6. List the prime factors of k(-7).
2, 5, 13, 79
Suppose -68 = -6*l - 62. Let u(h) = 1739*h - 9. List the prime factors of u(l).
2, 5, 173
Let b(a) = -351*a**2 + 3*a - 2. Let k be b(1). Let p = k + 398. List the prime factors of p.
2, 3
Let t(u) = -2*u**3 + 34*u**2 + 38*u + 22. Let k be t(18). Let m(r) = r**3 - 56*r**2 - 103*r - 175. List the prime factors of m(k).
3, 193
Let d = -98 - -152. Suppose 1427 = -181*u + 410 - 1336. Let l = d + u. List the prime factors of l.
41
Let r(y) = y**3 + 9*y**2 + y - 8. Let q be r(-9). Let s = q - -18. Suppose -5*d = -324 - s. List the prime factors of d.
5, 13
Let w(o) = 36*o**2 - 3*o + 4. Let g be w(8). Suppose 0 = -5*p - 2*t + 3792, 14*t = -3*p + 15*t + g. List the prime factors of p.
2, 5, 19
Let p(r) = 25*r - 13 - 3*r**2 + 1 - 3*r**2 - 12*r + 14*r**3 + 23*r. List the prime factors of p(5).
2, 13, 17
Let c = -180 - -182. Suppose 536 = 2*k - 3*l, -c*l + l = -5*k + 1353. What are the prime factors of k?
271
Suppose 8*a + 6322 - 16042 = 0. List the prime factors of a.
3, 5
Let s = 85 - 85. Let j be 2/((-8)/(-4))*s. Suppose -19*y + 26*y - 1568 = j. What are the prime factors of y?
2, 7
Suppose 5*u + f = -15, -f + 6 - 3 = -4*u. Let m be u*(0 + -1082*1). List the prime factors of (-28)/210 + m/30 + 1.
73
Suppose -12*y - 15*y + 661080 = -6*y. What are the prime factors of y?
2, 5, 787
Suppose -6*x + 16*x - 3570 = 0. Let a = 15 + x. List the prime f